p - (-1 - o). Determine x(d).
3
Let p(v) = -2*v - 2. Let u(x) = -x - 3. Let w(c) = c**2 + 5*c - 4. Let j be w(-5). Let s(k) = j*u(k) + 3*p(k). Calculate s(6).
-6
Suppose -5*c = -4*c - 2. Let f(o) = 2*o**3 - 2*o**2 - 2*o. Let s be f(c). Let a(u) = 0*u + 5*u - 1 - 4*u + u. What is a(s)?
7
Let r = 6 + 4. Let b(q) = 0*q**3 - 9*q**3 + 4*q**2 + r*q**3 - 6*q. Let n be 2*10/(-12)*3. Calculate b(n).
5
Let k(z) = 7*z. Let a(j) = -15*j. Let v(x) = 6*a(x) + 13*k(x). Let u be (-203)/35 + (-3 - (-28)/10). Calculate v(u).
-6
Let b(r) = -r**2 + 1. Let w be 5 + -2 + (-2)/(-2). Let g(c) = -2 - c + 0*c + 6*c**2 - c**3 + 2 + w. Let o be g(6). Determine b(o).
-3
Let k(j) = 2*j - 1. Suppose 3*g = -g - 40. Let s(r) = -r**2 - 11*r - 8. Let m be s(g). Determine k(m).
3
Let o(i) = -3*i**2 - i**2 - 7*i - 2 + 3*i**2 + 1. Determine o(-5).
9
Let v(b) = 16*b + 67. Let p be v(-4). Let f(x) be the first derivative of x + 11/3*x**3 + p + x**2. Determine f(-1).
10
Let a(w) = -w - 13. Let p(j) = -2*j - 19. Let i = 7 + 0. Let q(d) = i*a(d) - 5*p(d). Calculate q(-3).
-5
Let b(s) = s**3 - 7*s**2 + 7*s - 6. Let j be (-51 - 9)*(-2)/4. Let u be j/(-4)*(-20)/25. What is b(u)?
0
Let i(o) be the first derivative of o**4/4 - 4*o**3/3 - 3*o**2 - o + 18. Give i(5).
-6
Let l(d) = -d - 5. Let f(o) = o + 6. Let r(s) = 6*f(s) + 7*l(s). Determine r(-1).
2
Let t(n) be the third derivative of -n**6/120 - 7*n**5/60 + 5*n**4/12 + 7*n**3/6 - 39*n**2. Determine t(-8).
-9
Let d(l) = 11*l**3 - l**2 + 2*l - 1. Suppose k = 5*i - 13 - 18, -5*k = 3*i - 41. Let u = i - 6. What is d(u)?
11
Let n(y) = -y. Let c(u) = -u - 1. Let r(h) = -3*c(h) + 2*n(h). Let q(g) = -g**2 - 3*g - 2. Let d be q(-2). What is r(d)?
3
Let l(s) = 8*s - 7. Let z(q) = 2 + 1 - 7*q + 4 - 1. Let i(x) = -6*l(x) - 7*z(x). Give i(1).
1
Let d(u) = 13*u**3 + 11*u**2 + 7*u - 11. Let p(i) = -7*i**3 - 6*i**2 - 4*i + 6. Let z(j) = 6*d(j) + 11*p(j). Let a be ((-234)/(-12))/(-13)*(-8)/6. Give z(a).
4
Let g(c) = 7 - 3 + c - 3*c. Let l be (-4)/8 + (-5)/2. Let f(y) = 2*y - 4. Let r(v) = l*f(v) - 2*g(v). Calculate r(4).
-4
Let b(k) = -k**2 + 3*k - 4. Let c be b(3). Let d(n) = -n + 4. Calculate d(c).
8
Suppose 2*w - 12 - 6 = 0. Let t(v) = 11*v + 5*v**2 - v**2 - w*v - v**3 + 7. Calculate t(5).
-8
Let u(w) = 6 - 8 + 3 + 4*w**2 + w**3 + 0. What is u(-3)?
10
Let i(b) = 6 - b - 2*b**3 + 9*b**2 - 4*b**2 + 3*b**3 + 2*b. Determine i(-5).
1
Let w(p) = -3*p**2 + 2*p + 3. Let s(l) = 2*l**3 - 3*l. Let o(q) = q**3 - q. Let u(v) = -5*o(v) + 2*s(v). Let m(h) = -u(h) - w(h). What is m(-3)?
0
Let p(j) = -2*j - 10. Let a(z) = 1. Let g(c) = -10*a(c) - p(c). Give g(-2).
-4
Let h(r) = 2*r - 7. Let d(y) = 1. Let o(n) = -4*d(n) - h(n). Let v = 0 - -4. What is o(v)?
-5
Suppose -4*l = 5*s + 12, -5*l + 4*s + 25 - 81 = 0. Suppose 0 = -5*r - 0 - 25. Let f = l - r. Let g(x) = -x**3 - 3*x**2 + 2*x. Calculate g(f).
-6
Let g(n) = n**2 + n - 5. Let k be g(0). Let y(b) = b + 4. What is y(k)?
-1
Suppose -2 = j - 4*z + 1, 0 = 4*z. Let k(i) = i + 3. Let l(y) = -1. Let s(x) = j*l(x) - k(x). What is s(-5)?
5
Suppose -5*i - 5*v = -10, 5*v = 22 - 7. Suppose 0 = 2*f - m - 18, 0*m - m - 8 = -f. Let u(j) = 1 - 33*j**2 - 2 + f*j**3 + 35*j**2. What is u(i)?
-9
Let u(g) = 7*g + 1. Suppose 5*a = 3 + 7. Let y = -3 + a. Give u(y).
-6
Let h(f) = f - 1. Let q(t) = -5*t - 1. Let r(l) = 6*h(l) + q(l). Suppose 3*d + 2*c + c - 12 = 0, 4*c = -d - 2. Determine r(d).
-1
Let w(q) = q**2 - 10*q**3 - 6*q**3 + 18*q**3 - 3*q**3 - 1. What is w(0)?
-1
Let y = 3 + -3. Suppose y = 3*g - 8*g + 25. Let n(q) = -6 - 2*q - q**2 + 9*q - 2*q. What is n(g)?
-6
Let l be (-5 - (2 + -2))*-1. Let p(v) = -v**2 + 6*v - 5. Let u be p(l). Let h(s) = -4 - s**2 - s + 5*s + u*s. Determine h(5).
-9
Suppose 0*n + 4*v - 18 = n, -4*v = 2*n - 24. Let m(b) = -b**2 + 1 + 0 + b + 0 - n - b**3. Determine m(1).
-2
Suppose 2 - 8 = 3*i. Let w = i - -5. Let h(c) = -4 + 2 + c**3 + 1 + c - 3*c**2. Give h(w).
2
Let z(b) = -b**3 + 2*b**2 + 3*b - 1. Let k(w) = -w**3 + w**2 + 3*w - 1. Let u(d) = 6*k(d) - 5*z(d). Let g = -3 + -2. Determine u(g).
9
Suppose 2*l - 9 = -l. Suppose -4*p = -3*b - 13, b - l*b = -5*p + 18. Let s(q) = -2*q**3 + 2*q**2 - 2*q + 1. Give s(b).
-1
Let s(j) = 2*j + j**2 - 3*j - 2*j + 1. Let c(i) = i**3 + 7*i**2 - i - 3. Let y be c(-7). Calculate s(y).
5
Suppose 4*x + 2 - 6 = 4*f, -4*f - 4 = -3*x. Let w(m) = -5*m + 1. What is w(f)?
6
Let u = 2 - -3. Suppose -u*g + y + 12 = -y, 4*g + 4*y = 4. Let t(c) = 4 - 2*c + 3*c**2 - 4. Determine t(g).
8
Let s be (-10)/(-25) - 76/(-10). Suppose 0*y = s*y - 16. Let b(a) = -3*a + 5. Let z(n) = -2*n + 6. Let k(x) = 3*b(x) - 2*z(x). What is k(y)?
-7
Let b(a) be the third derivative of a**6/120 + 2*a**5/15 + a**4/4 - a**3/3 - 7*a**2. Determine b(-7).
5
Let z be -5*-2*6/4. Suppose -5*o = -4*l - 4*o + 11, 5*o = -z. Let b(j) = -7*j - 2*j**2 - 3*j**2 - 3*j**l + 7*j**2 - 1. Calculate b(-6).
5
Let h(r) be the second derivative of r**4/12 + 4*r**3/3 - 3*r**2 - r. Give h(-8).
-6
Suppose -2*m - 2*m - 20 = 0. Let z(q) be the second derivative of -q**5/20 - q**4/2 - 2*q**3/3 + 17*q. Give z(m).
-5
Let l(h) be the third derivative of 5/24*h**4 - 2/3*h**3 + 0*h + 0 + 1/60*h**5 + h**2. Give l(-5).
-4
Let n(i) be the third derivative of -i**4/24 - 7*i**3/6 - 3*i**2 + 15. Let h be (-4)/(-14) - 30/7. Calculate n(h).
-3
Suppose 9*a = 1 - 19. Let b(q) = q**2 + 3. Let d(j) = 2*j**2 + j + 4. Let l(c) = -3*b(c) + 2*d(c). Let y(v) be the first derivative of l(v). Determine y(a).
-2
Let z = 0 + 2. Suppose 2*j = 3*f + 19, 3*j + 6 = j - 2*f. Let m(h) = -z - 5*h + 4*h - h - j*h**2 + 3. Determine m(-2).
-3
Let i = 8 - 6. Suppose -b - 5 = -4*u - i*b, 3*u - 4*b = -20. Let c(w) = -w - 1 + 0 + 0. Calculate c(u).
-1
Let c(m) = -m + 1. Let k = 1 - 6. Determine c(k).
6
Let n(g) = -g**3 - 5*g**2 - 3*g + 3. Let x(p) = p + 5. Let u be x(0). Let z = 3 + u. Suppose -4*a - i = 18, -a = 3*a - 4*i + z. Determine n(a).
-1
Let q(d) = d**3 + 11*d**2 - 10*d + 26. Let n be q(-12). Let z(m) = m**2 - 1. Let a(p) = 3*p**2 + p - 5. Let f(b) = -a(b) + 4*z(b). Determine f(n).
3
Let j(l) = -l + 1. Let h(g) be the second derivative of 0*g**2 - g - 1/6*g**3 + 0. Let q(f) = -2*h(f) + j(f). Give q(-5).
-4
Suppose 4*g = -d - 34, -2*g = -4*g - d - 16. Let q be (-12)/54 + (-20)/g. Let o(n) = -n**3 + n - 1. Determine o(q).
-7
Suppose -k + 2*c - 7 = 0, 4*c = k - 3*k + 26. Let l(y) be the second derivative of -1/6*y**3 - 3/2*y**2 + 0 + 6*y. Calculate l(k).
-6
Let b(g) be the first derivative of -g**4/4 + 4*g**3/3 - g**2/2 + 2. Determine b(3).
6
Let l(p) = p**3 - 2*p**2 - 3*p - 3. Let d(i) = 2*i - 7. Let t be d(7). Let x(q) = -5 + t - 9 - q. Let h be x(-10). Calculate l(h).
-3
Let o = 30 - 17. Suppose 0 = -5*i - 17 - o. Let z(x) = x**2 + 5*x - 7. What is z(i)?
-1
Let b(m) be the second derivative of -m**6/120 + m**5/12 - m**4/6 - 2*m**3/3 - 5*m**2/2 + 6*m. Let d(x) be the first derivative of b(x). Calculate d(4).
-4
Let o(x) = -2*x + 8*x - 15*x + 4*x. Let g(u) = -u + 16. Let f be g(0). Let t be f/10 + (-4)/(-10). Calculate o(t).
-10
Suppose 13*q = 11*q - 6. Let w(h) = -2*h**2 - 3*h + 3. Give w(q).
-6
Let z(q) = -7*q**2 + 1. Let l = 3 + -1. Suppose i - 2 = -5*s - 8, i = l*s + 1. Determine z(s).
-6
Let u = 22 + -7. Suppose -u = -5*d + 5*k - 0*k, -d - 3*k = 9. Let x be d/(2/(-1)) + 2. Let m(y) = -2*y - 2. Determine m(x).
-6
Let y(k) = 12 + 10*k - 8 + k**2 + 8. What is y(-9)?
3
Let s(v) = -3 + 4 - 1 - 3 + 5*v. What is s(2)?
7
Let v be (-2)/(-12) + (-10)/(-12). Let f = 4 - v. Let q(t) = -t**2 + 5*t - 2. Calculate q(f).
4
Let t(a) = -a. Let d(w) = -7*w + 6. Let m(o) = -d(o) + 6*t(o). Suppose 30 = 2*j + 5*z, 40 = 4*j + 7*z - 2*z. Determine m(j).
-1
Suppose -4*c = -9*c. Let j = 1 + c. Let u(i) = 5*i - 1. Give u(j).
4
Let b(o) = 3*o + 0*o - 25*o**3 - 2*o + o**2 + o**2. What is b(-1)?
26
Suppose -c + 21 = -4*x + 2*c, 0 = 4*x - 2*c + 18. Let b(a) be the first derivative of 1/2*a**2 + 4*a + 2. Determine b(x).
1
Suppose b + 0 + 5 = 0. Let t(i) = 6*i**2 - 4*i + 13. Let s(h) = 5*h**2 - 4*h + 12. Let v(y) = 7*s(y) - 6*t(y). Determine v(b).
1
Let i(y) = -4*y - 6*y**2 + 6 + 16*y**3 + 4*y - y - 15*y**3. Suppose b + b = -3*m + 72, 3*m = 12. Suppose 2*f - b = -3*f. Determine i(f).
0
Let u be 8/1*(-2)/(-4). Let b(v) be the first derivative of 3 + 3*v - 3/2*v**2. Give b(u).
-9
Let r(f) = -f**3